{"id":118,"date":"2023-02-16T08:23:25","date_gmt":"2023-02-16T08:23:25","guid":{"rendered":"https:\/\/ssmr.cunbm.utcluj.ro\/?page_id=118"},"modified":"2026-03-13T13:57:36","modified_gmt":"2026-03-13T11:57:36","slug":"olimpiada-de-matematica","status":"publish","type":"page","link":"https:\/\/ssmr.cunbm.utcluj.ro\/index.php\/olimpiada-de-matematica\/","title":{"rendered":"Olimpiada de Matematic\u0103"},"content":{"rendered":"\n<p>Olimpiada Na\u021bional\u0103 de Matematic\u0103 se desf\u0103\u0219oar\u0103 la clasele V-XII, \u00een urm\u0103toarele etape: <\/p>\n\n\n\n<ul class=\"wp-block-list\">\n<li>pe \u0219coal\u0103, <\/li>\n\n\n\n<li>local\u0103,<\/li>\n\n\n\n<li>jude\u021bean\u0103\/a sectoarelor municipiului Bucure\u0219ti <\/li>\n\n\n\n<li>na\u021bional\u0103.<\/li>\n<\/ul>\n\n\n\n<hr class=\"wp-block-separator has-alpha-channel-opacity\"\/>\n\n\n\n<p>Edi\u021bii ale Olimpiadei Na\u021bionale de Matematic\u0103<\/p>\n\n\n\n<ul class=\"wp-block-list\">\n<li><a href=\"https:\/\/ssmr.ro\/onm2026\" target=\"_blank\" rel=\"noopener\" title=\"\">ONM 2026<\/a> (etapa local\u0103 MM <a href=\"https:\/\/ssmr.cunbm.utcluj.ro\/index.php\/olimpiada-natinala-de-matematica-2026\/\" target=\"_blank\" rel=\"noopener\" title=\"subiecte\/barem\">subiecte\/barem<\/a>, etapa jude\u021bean\u0103 <a href=\"https:\/\/ssmr.cunbm.utcluj.ro\/index.php\/olimpiada-nationala-de-matematica-etapa-judeteana-mm\/\" target=\"_blank\" rel=\"noopener\" title=\"Olimpiada Na\u021bional\u0103 de Matematic\u0103 \u2013 etapa jude\u021bean\u0103 \u2013 MM\">rezultate<\/a>)<\/li>\n\n\n\n<li><a href=\"https:\/\/ssmr.ro\/onm2025\" target=\"_blank\" rel=\"noopener\" title=\"\">ONM 2025<\/a> <\/li>\n\n\n\n<li><a href=\"https:\/\/ssmr.ro\/onm2024\" target=\"_blank\" rel=\"noopener\" title=\"\">ONM 2024<\/a> (etapa local\u0103 MM <a href=\"https:\/\/ssmr.cunbm.utcluj.ro\/wp-content\/uploads\/2024\/02\/subiecte_MM_ONM_2024.zip\" title=\"subiecte_MM_ONM_2024\">subiecte <\/a>\/ <a href=\"https:\/\/ssmr.cunbm.utcluj.ro\/wp-content\/uploads\/2024\/02\/barem_MM_ONM_2024.zip\" target=\"_blank\" rel=\"noopener\" title=\"barem_MM_ONM_2024\">barem<\/a>, etapa na\u021bional\u0103 <a href=\"https:\/\/ssmr.cunbm.utcluj.ro\/index.php\/2024\/03\/25\/olimpiada-nationala-de-matematica-2024-etapa-nationala\/\" target=\"_blank\" rel=\"noopener\" title=\"Olimpiada Na\u021bional\u0103 de Matematic\u0103 \u2013 2024 \u2013 etapa na\u021bional\u0103\">participan\u021bi \u0219i premian\u021bi din MM<\/a>)<\/li>\n\n\n\n<li><a href=\"https:\/\/ssmr.ro\/onm2023\" target=\"_blank\" rel=\"noreferrer noopener\">ONM 2023<\/a> (etapa local\u0103 MM <a data-type=\"attachment\" data-id=\"124\" href=\"https:\/\/ssmr.cunbm.utcluj.ro\/wp-content\/uploads\/2023\/02\/subiect_ONM_2023-MM.zip\">subiecte <\/a>\/ <a data-type=\"attachment\" data-id=\"125\" href=\"https:\/\/ssmr.cunbm.utcluj.ro\/wp-content\/uploads\/2023\/02\/barem_ONM_2023-MM.zip\">barem<\/a>, etapa jude\u021bean\u0103 <a data-type=\"attachment\" data-id=\"170\" href=\"https:\/\/ssmr.cunbm.utcluj.ro\/wp-content\/uploads\/2023\/03\/ONM_2023_judeteana.pdf\">subiecte<\/a>, etapa na\u021bional\u0103 <a href=\"https:\/\/ssmr.cunbm.utcluj.ro\/index.php\/2023\/04\/24\/olimpiada-nationala-de-matematica-2023-etapa-nationala\/\" target=\"_blank\" rel=\"noopener\" title=\"\">premian\u021bi<\/a>)<\/li>\n\n\n\n<li><a href=\"https:\/\/ssmr.ro\/onm2022\" target=\"_blank\" rel=\"noreferrer noopener\">ONM 2022<\/a><\/li>\n\n\n\n<li><a rel=\"noreferrer noopener\" href=\"https:\/\/ssmr.ro\/onm2021\" target=\"_blank\">ONM 2021<\/a> (etapa local\u0103 MM <a href=\"https:\/\/ssmr.cunbm.utcluj.ro\/wp-content\/uploads\/2023\/03\/Maramures.zip\">subiecte<\/a>)<\/li>\n<\/ul>\n\n\n\n<p><\/p>\n","protected":false},"excerpt":{"rendered":"<p>Olimpiada Na\u021bional\u0103 de Matematic\u0103 se desf\u0103\u0219oar\u0103 la clasele V-XII, \u00een urm\u0103toarele etape: Edi\u021bii ale Olimpiadei Na\u021bionale de Matematic\u0103<\/p>\n","protected":false},"author":1,"featured_media":0,"parent":0,"menu_order":0,"comment_status":"closed","ping_status":"closed","template":"","meta":{"ngg_post_thumbnail":0,"footnotes":""},"class_list":["post-118","page","type-page","status-publish","hentry"],"aioseo_notices":[],"_links":{"self":[{"href":"https:\/\/ssmr.cunbm.utcluj.ro\/index.php\/wp-json\/wp\/v2\/pages\/118","targetHints":{"allow":["GET"]}}],"collection":[{"href":"https:\/\/ssmr.cunbm.utcluj.ro\/index.php\/wp-json\/wp\/v2\/pages"}],"about":[{"href":"https:\/\/ssmr.cunbm.utcluj.ro\/index.php\/wp-json\/wp\/v2\/types\/page"}],"author":[{"embeddable":true,"href":"https:\/\/ssmr.cunbm.utcluj.ro\/index.php\/wp-json\/wp\/v2\/users\/1"}],"replies":[{"embeddable":true,"href":"https:\/\/ssmr.cunbm.utcluj.ro\/index.php\/wp-json\/wp\/v2\/comments?post=118"}],"version-history":[{"count":22,"href":"https:\/\/ssmr.cunbm.utcluj.ro\/index.php\/wp-json\/wp\/v2\/pages\/118\/revisions"}],"predecessor-version":[{"id":1305,"href":"https:\/\/ssmr.cunbm.utcluj.ro\/index.php\/wp-json\/wp\/v2\/pages\/118\/revisions\/1305"}],"wp:attachment":[{"href":"https:\/\/ssmr.cunbm.utcluj.ro\/index.php\/wp-json\/wp\/v2\/media?parent=118"}],"curies":[{"name":"wp","href":"https:\/\/api.w.org\/{rel}","templated":true}]}}