{"id":873,"date":"2025-08-07T16:34:30","date_gmt":"2025-08-07T13:34:30","guid":{"rendered":"https:\/\/ssmr.cunbm.utcluj.ro\/?page_id=873"},"modified":"2025-08-07T16:34:31","modified_gmt":"2025-08-07T13:34:31","slug":"membri-cotizanti-ai-ssmr-filiala-maramures-pe-anul-2020","status":"publish","type":"page","link":"https:\/\/ssmr.cunbm.utcluj.ro\/index.php\/membrii-ai-filialei-maramures-a-ssmr\/membri-cotizanti-ai-ssmr-filiala-maramures-pe-anul-2020\/","title":{"rendered":"Membri cotizan\u021bi ai SSMR &#8211; Filiala Maramure\u0219 pe anul 2020"},"content":{"rendered":"\n<figure class=\"wp-block-table\"><table><tbody><tr><td><strong>Nr<\/strong>. <strong>crt<\/strong>.<\/td><td><strong>Numele \u0219i prenumele<\/strong><\/td><td><strong>Institu\u021bia de \u00eenv\u0103\u021b\u0103m\u00e2nt<\/strong><\/td><\/tr><tr><td>&nbsp;1.<\/td><td>Alexandrescu Adina<\/td><td>\u0218c. Gim. Cic\u00e2rl\u0103u<\/td><\/tr><tr><td>&nbsp;2.<\/td><td>Ardelean Codru\u021ba<\/td><td>\u0218c. Gim. \u201eAl. I. Cuza\u201d Baia Mare<\/td><\/tr><tr><td>&nbsp;3.<\/td><td>Axinte Erika<\/td><td>L. T. \u201eI. Buteanu\u201d \u0218omcuta Mare<\/td><\/tr><tr><td> 4.<\/td><td>Balogh Laszlo<\/td><td>U. T. Cluj-Napoca, Centrul Univ. Nord Baia Mare<\/td><\/tr><tr><td> 5.<\/td><td>Balogh Eniko<\/td><td>Lic. Baia Sprie<\/td><\/tr><tr><td>&nbsp;6.<\/td><td>Balogh Erika<\/td><td>C. T. \u201eC. D. Neni\u021bescu\u201d Baia Mare<\/td><\/tr><tr><td>&nbsp;7.<\/td><td>Barbur Simona<\/td><td>\u0218c. Gim. \u201eV. Alecsandri\u201d Baia Mare<\/td><\/tr><tr><td> 8.<\/td><td>B\u0103bu\u021b Nechita<\/td><td>\u0218c. Gim. Cup\u0219eni<\/td><\/tr><tr><td>&nbsp;9.<\/td><td>B\u0103rbosu Dan<\/td><td>U. T. Cluj-Napoca, Centrul Univ. Nord Baia Mare<\/td><\/tr><tr><td> 10.<\/td><td>B\u00e2rle Constantin<\/td><td>\u0218c. Gim. \u201eDr. I. Mihaly de Ap\u0219a\u201d Sighetu Marma\u021biei<\/td><\/tr><tr><td>&nbsp;11.<\/td><td>B\u00e2rle Crina<\/td><td>\u0218c. Gim \u201eP. Dulfu\u201d Baia Mare<\/td><\/tr><tr><td>&nbsp;12.<\/td><td>B\u00e2rsan Irina<\/td><td>Colegiul de Arte Baia Mare<\/td><\/tr><tr><td>&nbsp;13.<\/td><td>Bedeoan Loredana<\/td><td>C. N. ,,Drago\u0219 Vod\u0103\u201d Sighetu Marma\u021biei<\/td><\/tr><tr><td>&nbsp;14.<\/td><td>Berinde Lia<\/td><td>C. T. ,,Transilvania\u201d Baia Mare<\/td><\/tr><tr><td>&nbsp;15.<\/td><td>Berinde Vasile<\/td><td>U. T. Cluj-Napoca, Centrul Univ. Nord Baia Mare<\/td><\/tr><tr><td>&nbsp;16.<\/td><td>Berindea Vasile<\/td><td>\u0218c. Gim.&nbsp; Bude\u0219ti<\/td><\/tr><tr><td>&nbsp;17.<\/td><td>Bob Robert<\/td><td>C. N. \u201eVasile Lucaciu\u201d Baia Mare<\/td><\/tr><tr><td>&nbsp;18.<\/td><td>Bobb Ovidiu<\/td><td>\u0218c. Gim. Copalnic M\u0103n\u0103\u0219tur<\/td><\/tr><tr><td> 19.<\/td><td>Bobo\u0219 Daniela<\/td><td>L.T. \u201eTraian Vuia\u201d T\u0103u\u021bii-M\u0103gher\u0103u\u0219<\/td><\/tr><tr><td>&nbsp;20.<\/td><td>Boga Ovidiu<\/td><td>L. T. \u201eGr. C. Moisil\u201d Tg. L\u0103pu\u0219<\/td><\/tr><tr><td> 21.<\/td><td>Bogdan Ancu\u021ba<\/td><td>L.T.A. \u201eA. Berinde\u201d Seini <\/td><\/tr><tr><td>&nbsp;22.<\/td><td>Boico Serghei<\/td><td>L. T. Poienile de sub Munte<\/td><\/tr><tr><td>&nbsp;23.<\/td><td>Bojor Florin<\/td><td>C. N. \u201eGh. \u015eincai\u201d Baia Mare<\/td><\/tr><tr><td>&nbsp;24.<\/td><td>Bojor Meda<\/td><td>C. N. \u201eGh. \u015eincai\u201d Baia Mare<\/td><\/tr><tr><td>&nbsp;25.<\/td><td>Bologa Monica<\/td><td>S. T. O. \u201eSf. Iosif M\u0103rturisitorul\u201d&nbsp; Baia Mare<\/td><\/tr><tr><td> 26.<\/td><td>Bolo\u0219 Mihai<\/td><td>\u0218c. Gim. \u201eN. Iorga\u201d Baia Mare<\/td><\/tr><tr><td> 27.<\/td><td>Borcut Marin<\/td><td>C. Ec. \u201ePintea Viteazul\u201d Cavnic<\/td><\/tr><tr><td>\u00a028.<\/td><td>Borodi&nbsp; Elena<\/td><td>\u0218c. Gim. Bogdan-Vod\u0103<\/td><\/tr><tr><td>\u00a029.<\/td><td>Borodi&nbsp; Virgil<\/td><td>\u0218c. Gim. \u0218ieu<\/td><\/tr><tr><td>\u00a030.<\/td><td>Boroica Gabriela<\/td><td>C. N. \u201eV. Lucaciu\u201d Baia Mare<\/td><\/tr><tr><td>\u00a031.<\/td><td>Boroica Gheorghe<\/td><td>C. N. \u201eGh. \u015eincai\u201d Baia Mare<\/td><\/tr><tr><td>\u00a032.<\/td><td>Borota Ovidiu<\/td><td>\u0218c. Gim. Cerne\u0219ti<\/td><\/tr><tr><td>\u00a033.<\/td><td>Bor\u0219a Raul<\/td><td>C. Ec. ,,N. Titulescu\u201d Baia Mare<\/td><\/tr><tr><td>\u00a034.<\/td><td>Boz\u00e2ntan Andrei<\/td><td>U. T. Cluj-Napoca, Centrul Univ. Nord Baia Mare<\/td><\/tr><tr><td> 35.<\/td><td>Branzanciuc Serioja<\/td><td>\u0218c. Gim. Reme\u021bi<\/td><\/tr><tr><td>\u00a036.<\/td><td>Breitkopf Marieta<\/td><td>\u0218c. Gim. \u201eN. St\u0103nescu\u201d Baia Mare<\/td><\/tr><tr><td>\u00a037.<\/td><td>Bretan Andrei<\/td><td>C. N. \u201eV. Lucaciu\u201d Baia Mare<\/td><\/tr><tr><td>\u00a038.<\/td><td>Brisc Viorica<\/td><td>Lic. Teor. \u201eE. Racovi\u021b\u0103\u201d Baia Mare<\/td><\/tr><tr><td>\u00a039.<\/td><td>Buda Gabriel<\/td><td>L. T. Repedea<\/td><\/tr><tr><td> 40.<\/td><td>Buda Liviu Cornel<\/td><td>\u0218c. Gim. Cup\u0219eni<\/td><\/tr><tr><td> 41.<\/td><td>Bude Andreea-Niculina<\/td><td>\u0218c. Gim. L\u0103pu\u0219<\/td><\/tr><tr><td>\u00a042.<\/td><td>Budea Andreea<\/td><td>\u0218c. Gim. \u201eG. Co\u0219buc\u201d Baia Mare<\/td><\/tr><tr><td>\u00a043.<\/td><td>Bunu Iulian<\/td><td>C. de Arte Baia Mare<\/td><\/tr><tr><td>\u00a044.<\/td><td>Burzo Maria<\/td><td>L. T. \u201eGr. C. Moisil\u201d T\u00e2rgu L\u0103pu\u0219<\/td><\/tr><tr><td>\u00a045.<\/td><td>Bu\u0219ecan Andreea<\/td><td>L.T.A. \u201eA. Berinde\u201d Seini<\/td><\/tr><tr><td>\u00a046.<\/td><td>Buzil\u0103-G\u00e2rda Cristian<\/td><td>\u015ec. Gim. \u201eG. Co\u015fbuc\u201d Baia Mare<\/td><\/tr><tr><td>\u00a047.<\/td><td>Cadar Maria<\/td><td>\u0218c. Gim. \u201eO. Goga\u201d Baia Mare<\/td><\/tr><tr><td>\u00a048.<\/td><td>Caltea Amalia<\/td><td>\u0218c. Gim. \u201eAl. I. Cuza\u201d Baia Mare<\/td><\/tr><tr><td>\u00a049.<\/td><td>C\u00e2mpan Florin<\/td><td>\u0218c. Gim. \u201eA. Iancu\u201d Baia Mare<\/td><\/tr><tr><td>\u00a050.<\/td><td>C\u00e2mpean Gabriela<\/td><td>\u0218c. Gim. \u201eG. Co\u0219buc\u201d Baia Mare<\/td><\/tr><tr><td>\u00a051.<\/td><td>Chende Paula<\/td><td>\u0218c. Gim. \u201eG. Co\u0219buc\u201d Baia Mare<\/td><\/tr><tr><td>\u00a052.<\/td><td>Chindri\u0219 Filip Laz\u0103r<\/td><td>Lic. Bor\u0219a<\/td><\/tr><tr><td>\u00a053.<\/td><td>Chindri\u0219 Mihai<\/td><td>L. T. Repedea<\/td><\/tr><tr><td>\u00a054.<\/td><td>Chiorean Adela<\/td><td>\u0218c. Gim. \u201eG. Co\u0219buc\u201d Baia Mare<\/td><\/tr><tr><td>\u00a055.<\/td><td>Chira Mihaela<\/td><td>U.T.Cluj-Napoca, Centrul Univ. Nord Baia Mare<\/td><\/tr><tr><td>\u00a056.<\/td><td>Chi\u0219 Maria-Marioara<\/td><td>\u0218c. Gim. \u201eM. Eminescu\u201d S\u0103li\u0219tea de Sus<\/td><\/tr><tr><td>\u00a057.<\/td><td>Chi\u0219 Vasile<\/td><td>\u0218c. Gim. \u201eM. Eminescu\u201d S\u0103li\u0219tea de Sus<\/td><\/tr><tr><td>\u00a058.<\/td><td>Cioclu Costel<\/td><td>C.T. \u201eG. Bari\u021biu\u201d Baia Mare<\/td><\/tr><tr><td>\u00a059.<\/td><td>Ciupe Liliana<\/td><td>\u0218c. Gim. B\u0103iu\u021b<\/td><\/tr><tr><td>\u00a060.<\/td><td>Codrea Ioana<\/td><td>C.T. ,,Anghel Saligny\u201d Baia Mare<\/td><\/tr><tr><td>\u00a061.<\/td><td>Coman Ioana<\/td><td>\u0218c. Gim. \u201eDrago\u0219 Vod\u0103\u201d Moisei<\/td><\/tr><tr><td>\u00a062.<\/td><td>Corui Georgiana<\/td><td>\u0218c. Gim. ,,Lucian Blaga\u201d Baia Mare<\/td><\/tr><tr><td>\u00a063.<\/td><td>Cosma Ovidiu<\/td><td>U. T. Cluj-Napoca, Centrul Univ. Nord Baia Mare<\/td><\/tr><tr><td>\u00a064.<\/td><td>Cosma Simona<\/td><td>\u0218c. Gim. Nr.18 Baia Mare<\/td><\/tr><tr><td>\u00a065.<\/td><td>Co\u021bofan Olivia<\/td><td>\u0218c. Gim. Copalnic M\u0103n\u0103\u0219tur<\/td><\/tr><tr><td>\u00a066.<\/td><td>Covaci Vaselina<\/td><td>L. T. Ruscova<\/td><\/tr><tr><td>\u00a067.<\/td><td>Covaciu Traian<\/td><td>C. N. \u201eV. Lucaciu\u201d Baia Mare<\/td><\/tr><tr><td> 68.<\/td><td>Cozma Ciprian<\/td><td>L.T. \u201eDr. F. Ulmeanu\u201d Ulmeni<\/td><\/tr><tr><td>\u00a069.<\/td><td>Cr\u0103ciun Lucia<\/td><td>\u0218c. Gim. Cerne\u0219ti<\/td><\/tr><tr><td> 70.<\/td><td>Cucu Camelia<\/td><td>\u0218c. Gim. Cup\u0219eni<\/td><\/tr><tr><td>\u00a071.<\/td><td>Cup\u0219a Adriana Daniela<\/td><td>L. T. ,,Grigore C. Moisil\u201d Tg. L\u0103pu\u0219<\/td><\/tr><tr><td> 72.<\/td><td>Cup\u0219a Mariana<\/td><td>\u0218c. Gim. \u201eN. Steinhart\u201d Rohia<\/td><\/tr><tr><td>\u00a073.<\/td><td>Darol\u021bi Erika<\/td><td>C. N. \u201eV. Lucaciu\u201d Baia Mare<\/td><\/tr><tr><td>\u00a074.<\/td><td>Dobrican Melania<\/td><td>C. Ec. \u201ePintea Viteazul\u201d Cavnic<\/td><\/tr><tr><td>\u00a075.<\/td><td>Drago\u0219 Simida<\/td><td>\u0218c. Gim. \u201eM. Sadoveanu\u201d Baia Mare<\/td><\/tr><tr><td>\u00a076.<\/td><td>Dr\u0103goi Costel<\/td><td>\u015ec. Gim. Reme\u021bi<\/td><\/tr><tr><td>\u00a077.<\/td><td>Erdei Mariana<\/td><td>\u0218c. Gim. ,,D. Cantemir\u201d Baia Mare<\/td><\/tr><tr><td>\u00a078.<\/td><td>Farca\u0219 Cristina<\/td><td>\u015ec. Gim. Dumbr\u0103vi\u021ba<\/td><\/tr><tr><td>\u00a079.<\/td><td>F\u0103rca\u015f Natalia<\/td><td>C. N. \u201eV. Lucaciu\u201d Baia Mare<\/td><\/tr><tr><td>\u00a080.<\/td><td>Fertadi Nichita Marian<\/td><td>Lic. Pedag. ,,T. \u0218evcenko\u201d Sighetu Marma\u021biei<\/td><\/tr><tr><td>\u00a081.<\/td><td>Florea Elena-Livia<\/td><td>\u0218c. Gim. Nr. 1 Str\u00e2mtura<\/td><\/tr><tr><td> 82.<\/td><td>Fluczar Roxana<\/td><td>\u0218c. Prof. Dumbr\u0103vi\u021ba <\/td><\/tr><tr><td>\u00a083.<\/td><td>Friedrich Gabriela<\/td><td>C. Ec. ,,N. Titulescu\u201d Baia Mare<\/td><\/tr><tr><td>\u00a084.<\/td><td>Gavrila\u0219 Emilia<\/td><td>Lic. Teor. \u201eP. Rare\u0219\u201d T\u00e2rgu L\u0103pu\u0219<\/td><\/tr><tr><td>\u00a085.<\/td><td>Gherghel Ioana<\/td><td>\u015ec. Gim. Cerne\u0219ti<\/td><\/tr><tr><td>\u00a086.<\/td><td>Giurgi Vasile<\/td><td>C. N. ,,D. Vod\u0103\u201d Sighetu Marma\u021biei<\/td><\/tr><tr><td>\u00a087.<\/td><td>Glodean Vasile<\/td><td>Lic. Pedag. ,,T. \u0218evcenko\u201d Sighetu Marma\u021biei<\/td><\/tr><tr><td>\u00a088.<\/td><td>Godja Florica<\/td><td>\u0218c. Gim. ,,M. Vulc\u0103nescu\u201d B\u00eersana<\/td><\/tr><tr><td>\u00a089.<\/td><td>Godja Melania<\/td><td>\u0218c. Gim.&nbsp; C\u0103line\u0219ti<\/td><\/tr><tr><td>\u00a090.<\/td><td>Godja Vasile<\/td><td>Lic. Tehn. ,,O. Goga\u201d, Rozavlea<\/td><\/tr><tr><td>\u00a091.<\/td><td>Grigor Mihai<\/td><td>L. T. \u201eMarma\u021bia\u201d Sighetu Marma\u021biei<\/td><\/tr><tr><td> 92.<\/td><td>Gro\u0219an Rodica<\/td><td>\u0218c. Gim. Satulung<\/td><\/tr><tr><td> 93.<\/td><td>Hajdu-M\u0103celaru Mara<\/td><td>U. T. Cluj-Napoca, Centrul Univ. Nord Baia Mare<\/td><\/tr><tr><td>\u00a094.<\/td><td>Heuberger Cristian<\/td><td>C. N. \u201eGh. \u0218incai\u201d Baia Mare<\/td><\/tr><tr><td>\u00a095.<\/td><td>Heuberger Dana<\/td><td>C. N. \u201eGh. \u0218incai\u201d Baia Mare<\/td><\/tr><tr><td>\u00a096.<\/td><td>Hindli Gyongyi<\/td><td>\u0218c. Gim. S\u0103c\u0103l\u0103\u0219eni<\/td><\/tr><tr><td>\u00a097.<\/td><td>Horotan Aura<\/td><td>\u015ec. Gim. Nr.18 Baia Mare<\/td><\/tr><tr><td>\u00a098.<\/td><td>Horvat-Marc Andrei<\/td><td>U. T. Cluj-Napoca, Centrul Univ. Nord Baia Mare<\/td><\/tr><tr><td>\u00a099.<\/td><td>Hossu C\u0103lin<\/td><td>\u0218c. Gim. \u201eD. Cantemir\u201d Baia Mare<\/td><\/tr><tr><td>100.<\/td><td>Hossu Simona<\/td><td>\u0218c. Gim. Cic\u00e2rl\u0103u<\/td><\/tr><tr><td>101.<\/td><td>Hotea Vasile<\/td><td>C.T. \u201eAurel Vlaicu\u201d Baia Mare<\/td><\/tr><tr><td>102.<\/td><td>Iavarovschi Alina-Diana<\/td><td>L. T. Poienile de sub Munte<\/td><\/tr><tr><td>103.<\/td><td>Ienu\u021ba\u0219 Vasile<\/td><td>\u0218c. Gim. \u201eGeorge Co\u0219buc\u201d Baia Mare<\/td><\/tr><tr><td>104.<\/td><td>Iepan Daniel<\/td><td>L.T. \u201eMarma\u021bia\u201d Sighetu Marma\u021biei<\/td><\/tr><tr><td>105.<\/td><td>Ierima Gen\u021biana<\/td><td>\u0218c. Gim. \u201eDr. I. Mihaly de Ap\u0219a\u201d Sighetu Marma\u021biei<\/td><\/tr><tr><td>106.<\/td><td>Iona\u0219 Mirela<\/td><td>Lic. Teor. \u201eP. Rare\u0219\u201d T\u00e2rgu L\u0103pu\u0219<\/td><\/tr><tr><td>107.<\/td><td>Kalisch Maria<\/td><td>\u0218c. Gim. \u201eO.Goga\u201d Baia Mare<\/td><\/tr><tr><td>108.<\/td><td>Kaszoni Claudia<\/td><td>Lic. Baia Sprie<\/td><\/tr><tr><td>109.<\/td><td>Konyicsha Iudita<\/td><td>\u0218c. Gim. G\u00e2rdani<\/td><\/tr><tr><td>110.<\/td><td>Kovacs Gabriella<\/td><td>U. T. Cluj-Napoca, Centrul Univ. Nord Baia Mare<\/td><\/tr><tr><td>111.<\/td><td>Lauran Monica<\/td><td>U. T. Cluj-Napoca, Centrul Univ. Nord Baia Mare<\/td><\/tr><tr><td>112.<\/td><td>Leo Martin<\/td><td>\u0218c. Gim. R\u0103zoare<\/td><\/tr><tr><td>113.<\/td><td>Leordean George<\/td><td>Lic. Bor\u0219a<\/td><\/tr><tr><td>114.<\/td><td>Le\u0219e Tudor<\/td><td>Lic. Teor. \u201eP. Rare\u0219\u201d T\u00e2rgu L\u0103pu\u0219<\/td><\/tr><tr><td>115.<\/td><td>Lopat\u0103 Angela<\/td><td>\u0218c. Gim. ,, L. Blaga\u201d F\u0103rca\u0219a<\/td><\/tr><tr><td>116.<\/td><td>Lup\u0219a Gabriel<\/td><td>L.T. \u201eTraian Vuia\u201d T\u0103u\u021bii-M\u0103gher\u0103u\u0219<\/td><\/tr><tr><td>117.<\/td><td>Lupu Monica<\/td><td>\u0218c. Gim. ,, L. Blaga\u201d Baia Mare<\/td><\/tr><tr><td>118.<\/td><td>Luscalov Mariana Tanea<\/td><td>\u0218c. Gim. Nr.1 Sighetu Marma\u021biei<\/td><\/tr><tr><td>119.<\/td><td>Mada Cosmina<\/td><td>\u0218c. Gim. Asuaj<\/td><\/tr><tr><td>120.<\/td><td>Marinescu Felicia<\/td><td>L. T. \u201eI. Buteanu\u201d \u0218omcuta Mare<\/td><\/tr><tr><td>121.<\/td><td>Mari\u015f Nicolae<\/td><td>\u0218c. Gim. Nr. 8 Bor\u015fa<\/td><\/tr><tr><td>122.<\/td><td>Mastan Eliza<\/td><td>Lic. \u201eNemeth Laszlo\u201d Baia Mare<\/td><\/tr><tr><td>123.<\/td><td>Mese\u0219an Teodora<\/td><td>\u0218c. Gim. Nr. 1, Seini<\/td><\/tr><tr><td>124.<\/td><td>Mica Maria<\/td><td>C. Ec. \u201ePintea Viteazul\u201d Cavnic<\/td><\/tr><tr><td>125.<\/td><td>Micl\u0103u\u0219 Dan<\/td><td>U. T. Cluj-Napoca, Centrul Univ. Nord Baia Mare<\/td><\/tr><tr><td>126.<\/td><td>Micu C\u0103lin<\/td><td>Lic. Teor. \u201eP. Rare\u0219\u201d T\u00e2rgu L\u0103pu\u0219<\/td><\/tr><tr><td>127.<\/td><td>Mihalca Cristina<\/td><td>\u015ec. Gim. \u201eN. St\u0103nescu\u201d Baia Mare<\/td><\/tr><tr><td>128.<\/td><td>Mihalca Floare<\/td><td>\u0218c. Gim. \u201eDr. I. Mihaly de Ap\u0219a\u201d Sighetu Marma\u021biei<\/td><\/tr><tr><td>129.<\/td><td>Mihali Marinela<\/td><td>Lic. Bor\u0219a<\/td><\/tr><tr><td>130.<\/td><td>Miholca Veronica<\/td><td>\u015ec. Gim. Gro\u015fii \u0162ible\u015fului<\/td><\/tr><tr><td>131.<\/td><td>Mihu (Mihai) Amalia<\/td><td>C. N. ,,Drago\u0219 Vod\u0103\u201d Sighetu Marma\u021biei<\/td><\/tr><tr><td>132.<\/td><td>Minghira\u0219 Camelia<\/td><td>\u0218c. Gim. \u201eG. Co\u0219buc\u201d Baia Mare<\/td><\/tr><tr><td>133.<\/td><td>Mitre Adriana<\/td><td>\u0218c. Gim. Bicaz<\/td><\/tr><tr><td>134.<\/td><td>Moan\u021b\u0103 Anamaria<\/td><td>\u0218c. Gim. ,,N. Iorga\u201d Baia Mare<\/td><\/tr><tr><td>135.<\/td><td>Moldovan Raluca<\/td><td>L.T. \u201eTraian Vuia\u201d T\u0103u\u021bii-M\u0103gher\u0103u\u0219<\/td><\/tr><tr><td>136.<\/td><td>Moroz Maria<\/td><td>L. T. Ruscova<\/td><\/tr><tr><td>137.<\/td><td>Mure\u0219an Corina<\/td><td>\u015ec. Gim. Recea<\/td><\/tr><tr><td>138.<\/td><td>Mure\u0219an Daniela<\/td><td>L. T. \u201eI. Buteanu\u201d Somcuta Mare<\/td><\/tr><tr><td>139.<\/td><td>Mure\u0219an Romelia Camelia<\/td><td>C. Ec. \u201eN. Titulesc\u201d Baia Mare<\/td><\/tr><tr><td>140.<\/td><td>Mure\u0219an Smaranda<\/td><td>\u0218c. Gim. Finteu\u0219u Mic<\/td><\/tr><tr><td>141.<\/td><td>Mure\u0219an Teodora<\/td><td>L. T. A. \u201eA. Berinde\u201d Seini<\/td><\/tr><tr><td>142.<\/td><td>Mure\u0219an Viorel<\/td><td>\u0218c. Gim. Ardusat<\/td><\/tr><tr><td>143.<\/td><td>Mu\u015furoia Nicolae<\/td><td>C. N. \u201eGh. \u015eincai\u201d Baia Mare<\/td><\/tr><tr><td>144.<\/td><td>Nagy Anamaria<\/td><td>\u0218c. Gim. \u201eG. Co\u0219buc\u201d Baia Mare<\/td><\/tr><tr><td>145.<\/td><td>N\u0103sui Ani\u0219oara<\/td><td>\u0218c. Gim. Nr. 7 Bor\u0219a<\/td><\/tr><tr><td>146.<\/td><td>Neaga Nadina<\/td><td>\u0218c. Gim. \u201eDr. V. Babe\u015f\u201d Baia Mare<\/td><\/tr><tr><td>147.<\/td><td>Neme\u0219 Ioan<\/td><td>\u0218c. Gim. C\u0103line\u0219ti<\/td><\/tr><tr><td>148.<\/td><td>Nistor Monica<\/td><td>Lic. Pedag. ,,R. Ferdinand\u201d Sighetu Marma\u021biei<\/td><\/tr><tr><td>149.<\/td><td>Oiega\u0219 Rodica<\/td><td>\u0218c. Gim. Nr.18 Baia Mare<\/td><\/tr><tr><td>150.<\/td><td>Onea Natalia<\/td><td>\u0218c. Gim. \u201eM. Sadoveanu\u201d Baia Mare<\/td><\/tr><tr><td>151.<\/td><td>Pantlik Iosif<\/td><td>Lic. Teor. \u201eB. Vod\u0103\u201d Vi\u0219eu de Sus<\/td><\/tr><tr><td>152.<\/td><td>Pascu Gheorghe<\/td><td>Lic. Teor. \u201eB. Vod\u0103\u201d Vi\u0219eu de Sus<\/td><\/tr><tr><td>153.<\/td><td>Petrovai Maria<\/td><td>\u0218c. Gim ,,M. Vulc\u0103nescu\u201d B\u00eersana<\/td><\/tr><tr><td>154.<\/td><td>Petru\u0163iu Crina<\/td><td>C. N. \u201eGh. \u015eincai\u201d Baia Mare<\/td><\/tr><tr><td>155.<\/td><td>Pintea Camelia<\/td><td>U. T. Cluj-Napoca, Centrul Univ. Nord Baia Mare<\/td><\/tr><tr><td>156.<\/td><td>Pintea Ioan<\/td><td>Lic. Bor\u0219a<\/td><\/tr><tr><td>157.<\/td><td>Pisuc Teodora<\/td><td>\u0218c. Gim. \u201eG. Co\u0219buc\u201d Sighetu Marma\u021biei<\/td><\/tr><tr><td>158.<\/td><td>Pi\u0219coran Laurian<\/td><td>U. T. Cluj-Napoca, Centrul Univ. Nord Baia Mare<\/td><\/tr><tr><td>159.<\/td><td>Pi\u021bura Casian Vasile<\/td><td>L. T. \u201eForestier\u201d Sighetu Marma\u021biei<\/td><\/tr><tr><td>160.<\/td><td>Podin\u0103 Alexandra<\/td><td>\u0218c. Gim. B\u0103i\u0163a de sub Codru<\/td><\/tr><tr><td>161.<\/td><td>Podin\u0103 Camelia<\/td><td>Lic. Teor. \u201eE. Racovi\u021b\u0103\u201d Baia Mare<\/td><\/tr><tr><td>162.<\/td><td>Pop&nbsp; Ioana<\/td><td>\u0218c. Gim.&nbsp; Botiza<\/td><\/tr><tr><td>163.<\/td><td>Pop Adela<\/td><td>S. T. \u201eSf. Iosif M\u0103rturisitorul\u201d&nbsp; Baia Mare<\/td><\/tr><tr><td>164.<\/td><td>Pop Adina<\/td><td>U. T. Cluj-Napoca, Centrul Univ. Nord Baia Mare<\/td><\/tr><tr><td>165.<\/td><td>Pop Adrian<\/td><td>C. N. \u201eGh. \u015eincai\u201d Baia Mare<\/td><\/tr><tr><td>166.<\/td><td>Pop Adriana<\/td><td>\u0218c. Gim. \u201eG. Co\u0219buc\u201d Baia Mare<\/td><\/tr><tr><td>167.<\/td><td>Pop Adriana<\/td><td>\u0218c. Gim. B\u0103se\u0219ti<\/td><\/tr><tr><td>168.<\/td><td>Pop Anca<\/td><td>C. T. \u201eG. Bari\u021biu\u201d Baia Mare<\/td><\/tr><tr><td>169.<\/td><td>Pop Andreea<\/td><td>C. de Arte Baia Mare<\/td><\/tr><tr><td>170.<\/td><td>Pop Cosmin<\/td><td>\u0218c. Gim. \u201eA. Iancu\u201d Baia Mare<\/td><\/tr><tr><td>171.<\/td><td>Pop Gabriel<\/td><td>\u0218c. Gim. Chelin\u021ba<\/td><\/tr><tr><td>172.<\/td><td>Pop Mariana<\/td><td>Lic. Teor. \u201eP. Rare\u0219\u201d T\u00e2rgu L\u0103pu\u0219<\/td><\/tr><tr><td>173.<\/td><td>Pop Mihai<\/td><td>\u0218c. Gim. \u201eM. Olos\u201d Arini\u0219<\/td><\/tr><tr><td>174.<\/td><td>Pop Monica<\/td><td>\u0218c. Gim. \u201eL. Blaga\u201d F\u0103rca\u0219a<\/td><\/tr><tr><td>175.<\/td><td>Pop Nicolae<\/td><td>Institutul de Mecanica Solidelor, Bucure\u0219ti<\/td><\/tr><tr><td>176.<\/td><td>Pop Ovidiu<\/td><td>C. N. \u201eDrago\u0219 Vod\u0103\u201d Sighetu Marma\u021biei<\/td><\/tr><tr><td>177.<\/td><td>Pop Radu<\/td><td>S. T. O. \u201eSf. Iosif M\u0103rturisitorul\u201d&nbsp; Baia Mare<\/td><\/tr><tr><td>178.<\/td><td>Pop Sever<\/td><td>\u0218c. Gim. \u201eV. Alecsandri\u201d Baia Mare<\/td><\/tr><tr><td>179.<\/td><td>Pop-Sitar Petric\u0103<\/td><td>U. T. Cluj-Napoca, Centrul Univ. Nord Baia Mare<\/td><\/tr><tr><td>180.<\/td><td>Pop Toader<\/td><td>Lic. Pedag. ,,R. Ferdinand\u201d Sighetu Marma\u021biei<\/td><\/tr><tr><td>181.<\/td><td>Popovic Ioana<\/td><td>\u0218c. Gim. ,, L. Blaga\u201d Baia Mare<\/td><\/tr><tr><td>182.<\/td><td>Pu\u0163 Liliana Ivana<\/td><td>Lic. Pedag. ,,R. Ferdinand\u201d Sighetu Marma\u021biei<\/td><\/tr><tr><td>183.<\/td><td>Rad Daniel<\/td><td>Lic. Teor. \u201eBogdan Vod\u0103\u201d Vi\u0219eu de Sus<\/td><\/tr><tr><td>184.<\/td><td>Rego\u0219 Adriana-Nata\u0219a<\/td><td>\u0218c. Gim.&nbsp; Poienile Izei<\/td><\/tr><tr><td>185.<\/td><td>Roman Ioana<\/td><td>\u0218c. Gim. Copalnic M\u0103n\u0103\u0219tur<\/td><\/tr><tr><td>186.<\/td><td>Roman Mariana<\/td><td>L.T. \u201eGr. C. Moisil\u201d Tg. L\u0103pu\u0219<\/td><\/tr><tr><td>187.<\/td><td>Roman Marinela<\/td><td>\u0218c. Gim. Copalnic M\u0103n\u0103\u0219tur<\/td><\/tr><tr><td>188.<\/td><td>Roman Ovidiu<\/td><td>\u0218c. Gim. Vima Mic\u0103<\/td><\/tr><tr><td>189.<\/td><td>Ro\u0219ca Ioan<\/td><td>\u0218c. Gim. S\u0103cel<\/td><\/tr><tr><td>190.<\/td><td>Rus&nbsp; Veronica<\/td><td>\u0218c. Gim.&nbsp; Once\u0219ti<\/td><\/tr><tr><td>191.<\/td><td>Sabo Cosmin<\/td><td>U. T. Cluj-Napoca, Centrul Univ. Nord Baia Mare<\/td><\/tr><tr><td>192.<\/td><td>Sallai Adriana<\/td><td>L. T. A. ,,Al. Berinde\u201d Seini<\/td><\/tr><tr><td>193.<\/td><td>Sandu Lucia<\/td><td>C. Ec. \u201eN. Titulescu\u201d Baia Mare<\/td><\/tr><tr><td>194.<\/td><td>Sarkany Rodica<\/td><td>\u0218c. Gim. Mire\u0219u Mare<\/td><\/tr><tr><td>195.<\/td><td>S\u0103l\u0103jan Raluca<\/td><td>\u0218c. Gim. ,,V. Alecsandri\u201d Baia Mare<\/td><\/tr><tr><td>196.<\/td><td>Schweighoffer Clara<\/td><td>\u0218c. Gim. \u201eDr. V. Babe\u015f\u201d Baia Mare<\/td><\/tr><tr><td>197.<\/td><td>Seciu Mihaela<\/td><td>C. T. ,,Transilvania\u201d Baia Mare<\/td><\/tr><tr><td>198.<\/td><td>Simon Ildiko<\/td><td>\u0218c. Gim. Arduzel<\/td><\/tr><tr><td>199.<\/td><td>Stiopei Ileana<\/td><td>\u0218c. Gim. ,,M. Vulcanescu\u201d B\u00eersana<\/td><\/tr><tr><td>200.<\/td><td>Szerasz Maria<\/td><td>\u0218c. Gim. ,,D. Cantemir\u201d Baia Mare<\/td><\/tr><tr><td>201.<\/td><td>Szony Dora<\/td><td>\u0218c. Gim. S\u0103lsig<\/td><\/tr><tr><td>202.<\/td><td>\u0218erban Palaga<\/td><td>\u0218c. Gim.&nbsp; Ieud<\/td><\/tr><tr><td>203.<\/td><td>\u0218ofrac Maria<\/td><td>C. T. \u201eC. D. Neni\u021bescu\u201d Baia Mare<\/td><\/tr><tr><td>204.<\/td><td>\u0218tefan Valentin<\/td><td>L. T. \u201eForestier\u201d Sighetu Marma\u021biei<\/td><\/tr><tr><td>205.<\/td><td>\u0218imon Paula Mihaela<\/td><td>L. T. \u201eBogdan Vod\u0103\u201d Vi\u0219eu de Sus<\/td><\/tr><tr><td>206.<\/td><td>\u0218te\u021bcu Mia Ioana<\/td><td>\u015ec. Gim. Nr. 1 Moisei<\/td><\/tr><tr><td>207.<\/td><td>Tak\u00e1cs Attila<\/td><td>Lic. Teor. ,,L. Kl\u00e1ra\u201d Sighetu Marma\u021biei<\/td><\/tr><tr><td>208.<\/td><td>T\u0103m\u0103\u0219an Diana<\/td><td>\u0218c. Gim. Oar\u021ba de Sus<\/td><\/tr><tr><td>209.<\/td><td>T\u0103r\u0103u Rodica<\/td><td>Lic. Penticostal Baia Mare<\/td><\/tr><tr><td>210.<\/td><td>Ta\u0219cu-Stavre Ioana<\/td><td>U. T. Cluj-Napoca, Centrul Univ. Nord Baia Mare<\/td><\/tr><tr><td>211.<\/td><td>T\u0103tar Tunde<\/td><td>\u0218c. Gim. Remetea Chioarului <\/td><\/tr><tr><td>212.<\/td><td>Timi\u0219 Lenu\u021ba<\/td><td>Lic. Bor\u0219a<\/td><\/tr><tr><td>213.<\/td><td>Tivadar Cornel<\/td><td>C. N. ,,D. Vod\u0103\u201d Sighetu Marma\u021biei<\/td><\/tr><tr><td>214.<\/td><td>Toma Iuliana<\/td><td>\u0218c. Gim. Boiu Mare<\/td><\/tr><tr><td>215.<\/td><td>Tomoiag\u0103 Ana<\/td><td>L. T. Poienile de sub Munte<\/td><\/tr><tr><td>216.<\/td><td>Tomoiag\u0103 Ioan<\/td><td>\u0218c. Gim. Vi\u0219eu de Jos<\/td><\/tr><tr><td>217.<\/td><td>Tom\u0219a Magdalena<\/td><td>\u0218c. Gim. Dumbr\u0103vi\u021ba<\/td><\/tr><tr><td>218.<\/td><td>Trifoi Radu<\/td><td>L. T. \u201eMarma\u021bia\u201d Sighetu Marma\u021biei<\/td><\/tr><tr><td>219.<\/td><td>Trifoi Silviu<\/td><td>\u015ec. Gim. Nr.5 Sighetu Marma\u021biei<\/td><\/tr><tr><td>220.<\/td><td>Tuns Lucia<\/td><td>L. T. \u201eI. Buteanu\u201d \u0218omcuta Mare<\/td><\/tr><tr><td>221.<\/td><td>\u021aical\u0103 Cristina<\/td><td>U. T. Cluj-Napoca, Centrul Univ. Nord Baia Mare<\/td><\/tr><tr><td>222.<\/td><td>\u021aical\u0103 Lenu\u021ba<\/td><td>Lic. Bor\u0219a<\/td><\/tr><tr><td>223.<\/td><td>V\u0103lean Lucia Dana<\/td><td>L. T. Forestier Sighetu Marma\u021biei<\/td><\/tr><tr><td>224.<\/td><td>V\u0103lean Mihaela<\/td><td>\u0218c. Gim. ,, L. Blaga\u201d Baia Mare<\/td><\/tr><tr><td>225.<\/td><td>Varga Andreea<\/td><td>\u0218c. Gim. D\u0103m\u0103cu\u0219eni<\/td><\/tr><tr><td>226.<\/td><td>Vele Alexandru<\/td><td>L. T. \u201eGr. C. Moisil\u201d T\u00e2rgu L\u0103pu\u0219<\/td><\/tr><tr><td>227.<\/td><td>Vesel-Pop Floare Ioana<\/td><td>Lic. Teor. \u201eBogdan Vod\u0103\u201d Vi\u0219eu de Sus<\/td><\/tr><tr><td>228.<\/td><td>Vijdeluc Mihai<\/td><td>\u0218c. Gim. Str\u00e2mtura<\/td><\/tr><tr><td>229.<\/td><td>Vi\u015fovan Magdalena<\/td><td>Lic. Pedag. ,,R. Ferdinand\u201d Sighetu Marma\u021biei<\/td><\/tr><tr><td>230.<\/td><td>Vlad Elena<\/td><td>\u0218c. Gim. Bogdan Vod\u0103<\/td><\/tr><tr><td>231.<\/td><td>Vraja Ioan <\/td><td>\u0218c. Gim. Vadu Izei<\/td><\/tr><tr><td>232.<\/td><td>Vraja-Lokos Eva Ibolya<\/td><td>Lic. Teor. ,,L. Kl\u00e1ra\u201d Sighetu Marma\u021biei<\/td><\/tr><tr><td>233.<\/td><td>Vraja-Lokos Ioan D\u0103nu\u021b<\/td><td>L.T. ,,Marma\u021bia\u201d Sighetu Marma\u021biei<\/td><\/tr><tr><td>234.<\/td><td>Zelenszky Tamara<\/td><td>L.T. ,,Marma\u021bia\u201d Sighetu Marma\u021biei<\/td><\/tr><tr><td>235.<\/td><td>Zelina Ioana<\/td><td>U. T. Cluj-Napoca, Centrul Univ. Nord Baia Mare<\/td><\/tr><tr><td>236.<\/td><td>Zetea Bogdan<\/td><td>\u015ec. Gim. ,,G. Co\u0219buc\u201d Sighetu Marma\u021biei<\/td><\/tr><tr><td>237.<\/td><td>Zetea Teodora<\/td><td>\u015ec. Gim. Saras\u0103u<\/td><\/tr><tr><td>238.<\/td><td>Zlampare\u0163 Horia<\/td><td>C. N. \u201eV. Lucaciu\u201d Baia Mare<\/td><\/tr><tr><td>239.<\/td><td>Zlampare\u021b Mihaela<\/td><td>C. Ec. \u201eN. Titulescu\u201d Baia Mare<\/td><\/tr><tr><td>240.<\/td><td>Zuba\u0219cu&nbsp; Daniela-Ioana<\/td><td>\u0218c. Gim. ,,L. Rebreanu\u201d Dragomire\u0219ti<\/td><\/tr><\/tbody><\/table><\/figure>\n","protected":false},"excerpt":{"rendered":"<p>Nr. crt. Numele \u0219i prenumele Institu\u021bia de \u00eenv\u0103\u021b\u0103m\u00e2nt &nbsp;1. Alexandrescu Adina \u0218c. Gim. Cic\u00e2rl\u0103u &nbsp;2. Ardelean Codru\u021ba \u0218c. Gim. \u201eAl. I. Cuza\u201d Baia Mare &nbsp;3. Axinte&#46;&#46;&#46;<\/p>\n","protected":false},"author":1,"featured_media":0,"parent":44,"menu_order":4,"comment_status":"closed","ping_status":"closed","template":"","meta":{"ngg_post_thumbnail":0,"footnotes":""},"class_list":["post-873","page","type-page","status-publish","hentry"],"aioseo_notices":[],"_links":{"self":[{"href":"https:\/\/ssmr.cunbm.utcluj.ro\/index.php\/wp-json\/wp\/v2\/pages\/873","targetHints":{"allow":["GET"]}}],"collection":[{"href":"https:\/\/ssmr.cunbm.utcluj.ro\/index.php\/wp-json\/wp\/v2\/pages"}],"about":[{"href":"https:\/\/ssmr.cunbm.utcluj.ro\/index.php\/wp-json\/wp\/v2\/types\/page"}],"author":[{"embeddable":true,"href":"https:\/\/ssmr.cunbm.utcluj.ro\/index.php\/wp-json\/wp\/v2\/users\/1"}],"replies":[{"embeddable":true,"href":"https:\/\/ssmr.cunbm.utcluj.ro\/index.php\/wp-json\/wp\/v2\/comments?post=873"}],"version-history":[{"count":5,"href":"https:\/\/ssmr.cunbm.utcluj.ro\/index.php\/wp-json\/wp\/v2\/pages\/873\/revisions"}],"predecessor-version":[{"id":882,"href":"https:\/\/ssmr.cunbm.utcluj.ro\/index.php\/wp-json\/wp\/v2\/pages\/873\/revisions\/882"}],"up":[{"embeddable":true,"href":"https:\/\/ssmr.cunbm.utcluj.ro\/index.php\/wp-json\/wp\/v2\/pages\/44"}],"wp:attachment":[{"href":"https:\/\/ssmr.cunbm.utcluj.ro\/index.php\/wp-json\/wp\/v2\/media?parent=873"}],"curies":[{"name":"wp","href":"https:\/\/api.w.org\/{rel}","templated":true}]}}