{"id":920,"date":"2025-08-16T11:07:46","date_gmt":"2025-08-16T08:07:46","guid":{"rendered":"https:\/\/ssmr.cunbm.utcluj.ro\/?page_id=920"},"modified":"2026-04-21T13:05:59","modified_gmt":"2026-04-21T10:05:59","slug":"agenda-ssm-mm","status":"publish","type":"page","link":"https:\/\/ssmr.cunbm.utcluj.ro\/index.php\/despre-ssmr-maramures\/agenda-ssm-mm\/","title":{"rendered":"Agenda SSM-MM"},"content":{"rendered":"\n<p>Pe aceast\u0103 pagin\u0103 pot fi consultate activit\u0103\u021bi la care au contribuit membrii ai Filialei Maramure\u0219 a SSMR<\/p>\n\n\n\n<p>2026<\/p>\n\n\n\n<ul class=\"wp-block-list\">\n<li>Concursul Interjude\u021bean de Matematic\u0103 Aplicat\u0103 \u00een Economie \u201eECOMAT\u201d (<a href=\"https:\/\/ssmr.cunbm.utcluj.ro\/index.php\/2026\/04\/21\/concursul-interjudetean-de-matematica-aplicata-in-economie-ecomat-baia-mare-2026\/\" target=\"_blank\" rel=\"noopener\" title=\"\">link<\/a>)<\/li>\n\n\n\n<li>Concursul Regional de Matematic\u0103 \u201eMagicienii Numerelor\u201d &#8211; 2026 (<a href=\"https:\/\/ssmr.cunbm.utcluj.ro\/index.php\/2026\/04\/21\/concursul-regional-de-matematica-magicienii-numerelor-2026\/\" target=\"_blank\" rel=\"noopener\" title=\"\">link<\/a>)<\/li>\n\n\n\n<li>Concursul Interjude\u021bean de Matematic\u0103 <strong>\u201eARGUMENT\u201d<\/strong> (<a href=\"https:\/\/ssmr.cunbm.utcluj.ro\/index.php\/2026\/02\/03\/concursul-interjudetean-de-matematica-argument-2026\/\" target=\"_blank\" rel=\"noopener\" title=\"\">link<\/a>)<\/li>\n<\/ul>\n\n\n\n<p>2025<\/p>\n\n\n\n<ul class=\"wp-block-list\">\n<li>Concursul regional de matematic\u0103 \u201d<strong>Prin labirintul matematicii<\/strong>\u201d<\/li>\n\n\n\n<li>Tab\u0103ra Jude\u021bean\u0103-Concurs pentru elevii olimpici la matematic\u0103 (<a href=\"https:\/\/ssmr.cunbm.utcluj.ro\/index.php\/2025\/09\/13\/tabara-judeteana-concurs-pentru-elevii-olimpici-la-matematica-editia-a-xv-a\/\" target=\"_blank\" rel=\"noopener\" title=\"Tab\u0103ra jude\u021bean\u0103-concurs pentru elevii olimpici la matematic\u0103 \u2013 edi\u021bia a XV-a\">link<\/a>)<\/li>\n\n\n\n<li>Concursul MATE-INFO Baia Mare (<a href=\"https:\/\/ssmr.cunbm.utcluj.ro\/index.php\/2025\/06\/17\/concursul-mate-info-baia-mare-2025\/\" target=\"_blank\" rel=\"noopener\" title=\"Concursul MATE-INFO Baia Mare, 2025\">link<\/a>)<\/li>\n\n\n\n<li>Concursul Interjude\u021bean de Matematic\u0103 \u0219i Informatic\u0103 \u201d<strong>SIGMA<\/strong>\u201d (<a href=\"https:\/\/ssmr.cunbm.utcluj.ro\/index.php\/2025\/05\/11\/concursul-interjudetean-de-matematica-si-informatica-sigma-2025\/\" target=\"_blank\" rel=\"noopener\" title=\"Concursul Interjude\u021bean de Matematic\u0103 \u0219i Informatic\u0103 \u201dSIGMA\u201d \u2013 2025\">link<\/a>)<\/li>\n\n\n\n<li>Concursul <strong>\u201eMagicienii numerelor\u201d<\/strong> (<a href=\"https:\/\/ssmr.cunbm.utcluj.ro\/index.php\/2025\/05\/11\/concursul-regional-de-matematica-magicienii-numerelor\/\" target=\"_blank\" rel=\"noopener\" title=\"Concursul regional de matematic\u0103 \u201eMagicienii Numerelor\u201d -2025\">link<\/a>)<\/li>\n\n\n\n<li>Concursul Na\u021bional Interdisciplinar de Matematic\u0103 \u0219i Informatic\u0103 <strong>\u201eGrigore C. Moisil\u201d<\/strong> (<a href=\"https:\/\/ssmr.cunbm.utcluj.ro\/index.php\/2025\/06\/17\/concursul-national-interdisciplinar-de-matematica-si-informatica-grigore-c-moisil-2025\/\" target=\"_blank\" rel=\"noopener\" title=\"Concursul Na\u021bional Interdisciplinar de Matematic\u0103 \u0219i Informatic\u0103&nbsp;\u201eGrigore C. Moisil\u201d (2025)\">link<\/a>)<\/li>\n\n\n\n<li>Concursul Interjude\u021bean de Matematic\u0103<strong> \u201eARGUMENT\u201d<\/strong>&nbsp;(<a href=\"https:\/\/ssmr.cunbm.utcluj.ro\/index.php\/2025\/06\/17\/concursul-interjudetean-de-matematica-argument-2025\/\" target=\"_blank\" rel=\"noopener\" title=\"Concursul Interjude\u021bean de Matematic\u0103 \u201eARGUMENT\u201d \u2013 2025\">link<\/a>)<\/li>\n<\/ul>\n\n\n\n<p>2024<\/p>\n\n\n\n<ul class=\"wp-block-list\">\n<li>Concursul regional de matematic\u0103 \u201d<strong>Prin labirintul matematicii<\/strong>\u201d (<a href=\"https:\/\/ssmr.cunbm.utcluj.ro\/index.php\/2024\/11\/16\/concursul-de-matematica-prin-labirintul-matematicii-2024\/\" target=\"_blank\" rel=\"noopener\" title=\"Concursul de Matematic\u0103 \u201dPrin labirintul matematicii\u201d \u2013 2024\">link<\/a>)<\/li>\n\n\n\n<li>Tab\u0103ra Jude\u021bean\u0103-Concurs pentru elevii olimpici la matematic\u0103 (<a href=\"https:\/\/ssmr.cunbm.utcluj.ro\/index.php\/2024\/09\/26\/tabara-judeteana-concurs-pentru-elevii-olimpici-la-matematica\/\" target=\"_blank\" rel=\"noopener\" title=\"Tab\u0103ra Jude\u021bean\u0103-Concurs pentru elevii olimpici la matematic\u0103\">link<\/a>)<\/li>\n\n\n\n<li>Concursul Interjude\u021bean de Matematic\u0103 \u0219i  Informatic\u0103 \u201d<strong>SIGMA<\/strong>\u201d (<a href=\"https:\/\/ssmr.cunbm.utcluj.ro\/index.php\/2024\/09\/26\/concursul-interjudetean-de-matematica-sigma\/\" target=\"_blank\" rel=\"noopener nofollow\" title=\"Concursul Interjude\u021bean de Matematic\u0103 \u201dSIGMA\u201d\">link<\/a>)<\/li>\n\n\n\n<li>Concursul jude\u021bean <strong>\u201eMATEMAGIC&#8221;<\/strong> (<a href=\"https:\/\/ssmr.cunbm.utcluj.ro\/index.php\/2024\/04\/16\/concursul-judetean-matemagic\/\" target=\"_blank\" rel=\"noopener\" title=\"Concursul jude\u021bean \u201dMATEMAGIC\u201d\">link<\/a>)<\/li>\n\n\n\n<li>ONM 2024 (<a href=\"https:\/\/ssmr.cunbm.utcluj.ro\/index.php\/2024\/03\/25\/olimpiada-nationala-de-matematica-2024-etapa-nationala\/\" target=\"_blank\" rel=\"noopener\" title=\"\">link<\/a>)<\/li>\n\n\n\n<li>Concursul <strong>\u201eMagicienii numerelor\u201d<\/strong> (<a href=\"https:\/\/ssmr.cunbm.utcluj.ro\/index.php\/2024\/04\/14\/concursul-de-matematica-magicienii-numerelor\/\" target=\"_blank\" rel=\"noopener\" title=\"Concursul de matematic\u0103 \u201eMagicienii Numerelor\u201d\">link<\/a>)<\/li>\n\n\n\n<li>Concursul Na\u021bional Interdisciplinar de Matematic\u0103 \u0219i Informatic\u0103 <strong>\u201eGrigore C. Moisil\u201d<\/strong> (<a href=\"https:\/\/ssmr.cunbm.utcluj.ro\/index.php\/2024\/04\/14\/concursul-national-interdisciplinar-de-matematica-si-informatica-grigore-c-moisil-2024\/\" target=\"_blank\" rel=\"noopener\" title=\"Concursul Na\u021bional Interdisciplinar de Matematic\u0103 \u0219i Informatic\u0103&nbsp;\u201eGrigore C. Moisil\u201d (2024)\">link<\/a>)<\/li>\n\n\n\n<li>Concursul Interjude\u021bean de Matematic\u0103 <strong>\u201eTinere Speran\u021be\u201d<\/strong> (<a href=\"https:\/\/scoalaiorgabm.ro\/?p=4546\" target=\"_blank\" rel=\"noopener\" title=\"\">link<\/a>, <a href=\"https:\/\/scoalaiorgabm.ro\/wp-content\/uploads\/2024\/01\/Subiecte_TS_2024.pdf\" target=\"_blank\" rel=\"noopener\" title=\"\">subiecte<\/a>)<\/li>\n\n\n\n<li>Concursul Interjude\u021bean de Matematic\u0103<strong> \u201eARGUMENT\u201d<\/strong> (<a href=\"https:\/\/ssmr.cunbm.utcluj.ro\/index.php\/2024\/03\/09\/concursul-interjudetean-de-matematica-argument-2024\/\" target=\"_blank\" rel=\"noopener\" title=\"Concursul Interjude\u021bean de Matematic\u0103 \u201eARGUMENT\u201d \u2013 2024\">link<\/a>)<\/li>\n<\/ul>\n\n\n\n<p>2023<\/p>\n\n\n\n<ul class=\"wp-block-list\">\n<li>Concursul regional de matematic\u0103 \u201d<strong>Prin labirintul matematicii<\/strong>\u201d (<a href=\"https:\/\/ssmr.cunbm.utcluj.ro\/index.php\/2024\/10\/20\/concursul-de-matematica-prin-labirintul-matematicii-2023\/\" target=\"_blank\" rel=\"noopener\" title=\"Concursul de Matematic\u0103 \u201dPrin labirintul matematicii\u201d \u2013 2023\">link<\/a>)<\/li>\n\n\n\n<li>Concursul Interjude\u021bean de Matematic\u0103 <strong>\u201eAlexandru Papiu Ilarian\u201d<\/strong> (<a href=\"https:\/\/ssmr.cunbm.utcluj.ro\/index.php\/2023\/12\/06\/concursul-interjudetean-de-matematica-alexandru-papiu-ilarian-editia-a-xxvi-a-targu-mures-26-27-octombrie-2023\/\" data-type=\"post\" data-id=\"482\">link<\/a>)<\/li>\n\n\n\n<li>Tab\u0103ra Jude\u021bean\u0103 de Excelen\u021b\u0103 \u00een Matematic\u0103 (<a href=\"https:\/\/ssmr.cunbm.utcluj.ro\/index.php\/2023\/09\/30\/tabara-judeteana-de-excelenta-in-matematica\/\" data-type=\"post\" data-id=\"285\">link<\/a>)<\/li>\n\n\n\n<li>Concursul Interjude\u021bean de Matematic\u0103 &#8222;<strong>SIGMA<\/strong>&#8221; (<a href=\"https:\/\/ssmr.cunbm.utcluj.ro\/index.php\/2023\/05\/09\/concursului-interjudetean-de-matematica-sigma\/\" data-type=\"post\" data-id=\"190\">link<\/a>)<\/li>\n\n\n\n<li>Concursul Regional de Matematic\u0103 Aplicat\u0103 \u00een Economie, Cluj-Napoca, 2023 (<a href=\"https:\/\/ssmr.cunbm.utcluj.ro\/index.php\/2023\/05\/16\/ecomat\/\" data-type=\"post\" data-id=\"213\" target=\"_blank\" rel=\"noreferrer noopener\">link<\/a>)<\/li>\n\n\n\n<li>Concursul <strong>\u201eMagicienii numerelor\u201d<\/strong> (<a rel=\"noreferrer noopener\" href=\"https:\/\/gcosbucsighet.ro\/category\/magicienii-numerelor\/\" target=\"_blank\">link<\/a>)<\/li>\n\n\n\n<li>Concursul Interjude\u021bean de Matematic\u0103 <strong>\u201eTinere Speran\u021be\u201d<\/strong> (<a rel=\"noreferrer noopener\" href=\"https:\/\/scoalaiorgabm.ro\/?p=3903\" target=\"_blank\">link<\/a>)<\/li>\n\n\n\n<li>Olimpiada de Matematic\u0103 2023 (<a href=\"https:\/\/ssmr.cunbm.utcluj.ro\/index.php\/2023\/04\/24\/olimpiada-nationala-de-matematica-2023-etapa-nationala\/\" data-type=\"post\" data-id=\"178\">link<\/a>)<\/li>\n<\/ul>\n\n\n\n<p>2022<\/p>\n\n\n\n<ul class=\"wp-block-list\">\n<li>Concursul Interjude\u021bean de Matematic\u0103 <strong>\u201ePrin Labirintul Matematicii\u201d<\/strong> (<a href=\"https:\/\/ssmr.cunbm.utcluj.ro\/index.php\/2023\/10\/10\/concursul-interjudetean-de-matematica-prin-labirintul-matematicii\/\" data-type=\"post\" data-id=\"385\">link<\/a>)<\/li>\n\n\n\n<li>Concursul Interjude\u021bean de Matematic\u0103 <strong>\u201eMatematica, de drag\u201d<\/strong> (<a href=\"https:\/\/ssmr.cunbm.utcluj.ro\/index.php\/2023\/03\/01\/concursul-interjudetean-de-matematica-matematica-de-drag\/\" data-type=\"post\" data-id=\"128\">link<\/a>)<\/li>\n\n\n\n<li>Concursul Interjude\u021bean de Matematic\u0103 <strong>\u201eARGUMENT\u201d<\/strong>&nbsp;(<a data-type=\"post\" data-id=\"111\" href=\"https:\/\/ssmr.cunbm.utcluj.ro\/index.php\/2023\/02\/13\/concursul-interjudetean-de-matematica-argument-baia-mare-19-noiembrie-2022\/\">link<\/a>)<\/li>\n\n\n\n<li>Concursul Interjude\u021bean de Matematic\u0103 <strong>\u201eAlexandru Papiu Ilarian\u201d<\/strong> (<a href=\"https:\/\/ssmr.cunbm.utcluj.ro\/index.php\/2023\/03\/02\/concursul-interjudetean-de-matematica-alexandru-papiu-ilarian\/\" data-type=\"post\" data-id=\"138\">link<\/a>)<\/li>\n\n\n\n<li>Tab\u0103ra Jude\u021bean\u0103 de Excelen\u021b\u0103 \u00een Matematic\u0103 (<a href=\"https:\/\/ssmr.cunbm.utcluj.ro\/index.php\/2023\/03\/05\/tabara-judeteana-de-excelenta-in-matematica\/\" data-type=\"post\" data-id=\"152\">link<\/a>)<\/li>\n<\/ul>\n\n\n\n<hr class=\"wp-block-separator has-alpha-channel-opacity\"\/>\n\n\n\n<p>Activit\u0103\u021bile Filialei Maramure\u0219 a SSMR pot fi consultate \u00een colec\u021bia anual\u0103 ANUAR (ISSN 2285-5467)<\/p>\n","protected":false},"excerpt":{"rendered":"<p>Pe aceast\u0103 pagin\u0103 pot fi consultate activit\u0103\u021bi la care au contribuit membrii ai Filialei Maramure\u0219 a SSMR 2026 2025 2024 2023 2022 Activit\u0103\u021bile Filialei Maramure\u0219 a&#46;&#46;&#46;<\/p>\n","protected":false},"author":1,"featured_media":0,"parent":23,"menu_order":0,"comment_status":"closed","ping_status":"closed","template":"","meta":{"ngg_post_thumbnail":0,"footnotes":""},"class_list":["post-920","page","type-page","status-publish","hentry"],"aioseo_notices":[],"_links":{"self":[{"href":"https:\/\/ssmr.cunbm.utcluj.ro\/index.php\/wp-json\/wp\/v2\/pages\/920","targetHints":{"allow":["GET"]}}],"collection":[{"href":"https:\/\/ssmr.cunbm.utcluj.ro\/index.php\/wp-json\/wp\/v2\/pages"}],"about":[{"href":"https:\/\/ssmr.cunbm.utcluj.ro\/index.php\/wp-json\/wp\/v2\/types\/page"}],"author":[{"embeddable":true,"href":"https:\/\/ssmr.cunbm.utcluj.ro\/index.php\/wp-json\/wp\/v2\/users\/1"}],"replies":[{"embeddable":true,"href":"https:\/\/ssmr.cunbm.utcluj.ro\/index.php\/wp-json\/wp\/v2\/comments?post=920"}],"version-history":[{"count":8,"href":"https:\/\/ssmr.cunbm.utcluj.ro\/index.php\/wp-json\/wp\/v2\/pages\/920\/revisions"}],"predecessor-version":[{"id":1349,"href":"https:\/\/ssmr.cunbm.utcluj.ro\/index.php\/wp-json\/wp\/v2\/pages\/920\/revisions\/1349"}],"up":[{"embeddable":true,"href":"https:\/\/ssmr.cunbm.utcluj.ro\/index.php\/wp-json\/wp\/v2\/pages\/23"}],"wp:attachment":[{"href":"https:\/\/ssmr.cunbm.utcluj.ro\/index.php\/wp-json\/wp\/v2\/media?parent=920"}],"curies":[{"name":"wp","href":"https:\/\/api.w.org\/{rel}","templated":true}]}}